{"id":377,"date":"2015-05-04T15:18:56","date_gmt":"2015-05-04T14:18:56","guid":{"rendered":"http:\/\/www.corellia.com.hr\/?page_id=377"},"modified":"2019-07-04T15:14:54","modified_gmt":"2019-07-04T14:14:54","slug":"about-us","status":"publish","type":"page","link":"https:\/\/www.corellia.com.hr\/?page_id=377&lang=en","title":{"rendered":"About us"},"content":{"rendered":"<p style=\"text-align: left;\">We are supposed to write here something about our vision, mission and objectives, but we decided to leave this to those companies striving to impress their clients with slogans. Job description of a financial advisory doesn&#8217;t necessarily need to sound in a way that it will destroy each and every of the client\u2019s hopes of understanding the services that we provide. The more so, services provided by Correllia advisory experts, as well as methodology that we use, are not the product of our company, but are available to all those willing to use them. In the ideal case scenario, clients use our services only once, after which they are left to develop their own businesses based on widely accepted principles of management and piles of literature and resources that we think should be followed in order to stay competitive (or just to have few additional conversation topics). Corellia advisory experts are introducing strictly defined methods of project management and social resources management at the local government and self-government levels by offering feasibility studies and product placement services to domestic and international markets, where we find the technical side of the methodology equally interesting as the theoretical.<\/p>\n<p>Who are our former Clients?<\/p>\n<div class=\"su-list\" style=\"margin-left:0px\">\n<ul>\n<li><i class=\"sui sui-angle-right\" style=\"color:#333\"><\/i> Regional authority (Zagreb County),<\/li>\n<li><i class=\"sui sui-angle-right\" style=\"color:#333\"><\/i> Local government units (Town of Sveti Ivan Zelina, Town of Jastrebarsko, Municipality of Ravna Gora, Town of Buzet, Town of Novigrad-Cittanova, Town of Buje, Town of Slatina, Town of Pregrada, Town of Donja Stubica, Municipality of Bedekov\u010dina, Town of Daruvar, Town of Sisak, Town of Ludbreg, Town of Novi Marof, Town of Solin, Town of \u010cazma, Town of Zlatar, Town of Omi\u0161),<\/li>\n<li><i class=\"sui sui-angle-right\" style=\"color:#333\"><\/i> Healthcare institutions (<a href=\"http:\/\/www.kbc-zagreb.hr\/strani-drzavljani\/\" target=\"_blank\" rel=\"noopener noreferrer\">University Hospital Centre Zagreb<\/a>,\u00a0<a href=\"http:\/\/www.naftalan.hr\/index.php\/en\/\">Special hospital for Medical Rehabilitation Naftalan<\/a>,\u00a0<a href=\"http:\/\/www.stampar.hr\/en\">Andrija \u0160tampar Teaching Institute of Public Health<\/a>,<a href=\"http:\/\/www.pbsvi.hr\/en\/\"> Psychiatric hospital &#8220;Sveti Ivan&#8221;<\/a>,\u00a0Health Center of the Krapina-Zagorje County,\u00a0<a href=\"http:\/\/www.nijz.si\/en\">National Institute for Public Health Ljubljana<\/a>,\u00a0<a href=\"http:\/\/www.nlzoh.si\/index.php\/en\/\">National Laboratory of Health, Environment and Food Maribor<\/a>,\u00a0Special Hospital for Medical Rehabilitation Stubicke Toplice),<\/li>\n<li><i class=\"sui sui-angle-right\" style=\"color:#333\"><\/i> Educational institutes such as high schools, universities and research institutes (Vocational School Velika Gorica,\u00a0Engineering high-school Faust Vran\u010di\u0107 Mostar, <a href=\"http:\/\/www.vef.unizg.hr\/english\/\">Faculty of Veterinary Medicine University of Zagreb<\/a>,\u00a0Faculty of Mechanical Engineering and Naval Architecture, University of Zagreb, Institute for Anthropological Research,\u00a0Faculty of Mechanical Engineering University of Sarajevo,\u00a0<a href=\"http:\/\/fsr.sve-mo.ba\/index.php?lang=en\">Faculty of Mechanical Engineering and Computing University of Mostar<\/a>),<\/li>\n<li><i class=\"sui sui-angle-right\" style=\"color:#333\"><\/i> Interest groups and non-governmental organizations (Brethren of the Croatian Dragon,\u00a0<a href=\"http:\/\/klaster-termi-hrvatske.hr\/EN\/\">Thermal cluster of Croatia<\/a>,\u00a0<a href=\"http:\/\/en.testing.ssnz.ssnz.v-izdelavi.si\/offer\/\">Slovenian Spas Association<\/a>),<\/li>\n<li><i class=\"sui sui-angle-right\" style=\"color:#333\"><\/i> Private sector companies (<a href=\"https:\/\/www2.deloitte.com\/global\/en.html?icid=site_selector_global\">Deloitte<\/a>,\u00a0Neumann,\u00a0<a href=\"http:\/\/prointegris.hr\/?lang=en\">Pro integris<\/a>, CTT,\u00a0Puljanka,\u00a0Lidl,\u00a0<a href=\"http:\/\/www.polimix.hr\/default_en.asp\">Poli-mix<\/a>, Prima, Aquarius, BD Agro, Bifix, Crowe)<\/li>\n<\/ul>\n<\/div>\n<p>&nbsp;<\/p>\n","protected":false},"excerpt":{"rendered":"<p>We are supposed to write here something about our vision, [&hellip;]<\/p>\n","protected":false},"author":1,"featured_media":0,"parent":0,"menu_order":0,"comment_status":"closed","ping_status":"closed","template":"","meta":{"footnotes":""},"class_list":["post-377","page","type-page","status-publish","hentry"],"_links":{"self":[{"href":"https:\/\/www.corellia.com.hr\/index.php?rest_route=\/wp\/v2\/pages\/377","targetHints":{"allow":["GET"]}}],"collection":[{"href":"https:\/\/www.corellia.com.hr\/index.php?rest_route=\/wp\/v2\/pages"}],"about":[{"href":"https:\/\/www.corellia.com.hr\/index.php?rest_route=\/wp\/v2\/types\/page"}],"author":[{"embeddable":true,"href":"https:\/\/www.corellia.com.hr\/index.php?rest_route=\/wp\/v2\/users\/1"}],"replies":[{"embeddable":true,"href":"https:\/\/www.corellia.com.hr\/index.php?rest_route=%2Fwp%2Fv2%2Fcomments&post=377"}],"version-history":[{"count":19,"href":"https:\/\/www.corellia.com.hr\/index.php?rest_route=\/wp\/v2\/pages\/377\/revisions"}],"predecessor-version":[{"id":1619,"href":"https:\/\/www.corellia.com.hr\/index.php?rest_route=\/wp\/v2\/pages\/377\/revisions\/1619"}],"wp:attachment":[{"href":"https:\/\/www.corellia.com.hr\/index.php?rest_route=%2Fwp%2Fv2%2Fmedia&parent=377"}],"curies":[{"name":"wp","href":"https:\/\/api.w.org\/{rel}","templated":true}]}}